{"id":236,"date":"2022-06-11T18:47:47","date_gmt":"2022-06-11T18:47:47","guid":{"rendered":"http:\/\/housedulce.com\/?page_id=236"},"modified":"2022-06-11T18:47:47","modified_gmt":"2022-06-11T18:47:47","slug":"nosotros","status":"publish","type":"page","link":"https:\/\/housedulce.com\/index.php\/sobre-nosotros\/nosotros\/","title":{"rendered":"Nosotros"},"content":{"rendered":"\n<div class=\"wp-block-cover\" style=\"min-height:196px;aspect-ratio:unset;\"><span aria-hidden=\"true\" class=\"wp-block-cover__background has-background-dim\"><\/span><img decoding=\"async\" class=\"wp-block-cover__image-background wp-image-239\" alt=\"\" src=\"http:\/\/housedulce.com\/wp-content\/uploads\/2022\/06\/Sitio-Web-landing-page-diseno-delicado-minimalista-para-joyas-hechas-a-mano-dorado-y-beis-1900-\u00d7-600-px-1.png\" data-object-fit=\"cover\"\/><div class=\"wp-block-cover__inner-container is-layout-flow wp-block-cover-is-layout-flow\">\n<p class=\"has-text-align-center has-x-large-font-size\"><strong>NOSOTROS<\/strong><\/p>\n<\/div><\/div>\n\n\n\n<hr class=\"wp-block-separator has-alpha-channel-opacity is-style-wide\"\/>\n\n\n\n<p>Somos una empresa preocupada por brindar soluciones nutricionales y alimenticias a las familias ecuatorianas<\/p>\n\n\n\n<p>Sabemos que el chocolate es un alimento que se obtiene a partir de las semillas del cacao que cuenta con un alto \u00edndice de grasas proporcionando un elevado aporte de&nbsp;<strong>energ\u00eda<\/strong>, por lo que suele indicarse para aquellas personas que realicen actividades deportivas o ejercicio f\u00edsico,&nbsp;a dem\u00e1s contiene <strong>hidratos de carbono<\/strong>,&nbsp;<strong>prote\u00ednas<\/strong>,  y en menor grado contiene&nbsp;<strong>magnesio<\/strong>, f\u00f3sforo, potasio, teobromina que act\u00faa como&nbsp;antidepresivo&nbsp;natural, cafe\u00edna, antioxidantes y agua.<\/p>\n\n\n\n<p>Nuestros productos buscan llevar todo el valor nutritivo de cada grano de cacao elaborando chocolate tradicional con un proceso productivo responsable, sostenible y sustentable que garantice la calidad, el bienestar alimenticio y nutricional de nuestros clientes. <\/p>\n","protected":false},"excerpt":{"rendered":"<p>Somos una empresa preocupada por brindar soluciones nutricionales y alimenticias<\/p>\n","protected":false},"author":1,"featured_media":0,"parent":75,"menu_order":0,"comment_status":"closed","ping_status":"closed","template":"","meta":{"_monsterinsights_skip_tracking":false,"_monsterinsights_sitenote_active":false,"_monsterinsights_sitenote_note":"","_monsterinsights_sitenote_category":0,"_joinchat":[],"footnotes":""},"class_list":["post-236","page","type-page","status-publish","hentry"],"aioseo_notices":[],"_links":{"self":[{"href":"https:\/\/housedulce.com\/index.php\/wp-json\/wp\/v2\/pages\/236","targetHints":{"allow":["GET"]}}],"collection":[{"href":"https:\/\/housedulce.com\/index.php\/wp-json\/wp\/v2\/pages"}],"about":[{"href":"https:\/\/housedulce.com\/index.php\/wp-json\/wp\/v2\/types\/page"}],"author":[{"embeddable":true,"href":"https:\/\/housedulce.com\/index.php\/wp-json\/wp\/v2\/users\/1"}],"replies":[{"embeddable":true,"href":"https:\/\/housedulce.com\/index.php\/wp-json\/wp\/v2\/comments?post=236"}],"version-history":[{"count":3,"href":"https:\/\/housedulce.com\/index.php\/wp-json\/wp\/v2\/pages\/236\/revisions"}],"predecessor-version":[{"id":241,"href":"https:\/\/housedulce.com\/index.php\/wp-json\/wp\/v2\/pages\/236\/revisions\/241"}],"up":[{"embeddable":true,"href":"https:\/\/housedulce.com\/index.php\/wp-json\/wp\/v2\/pages\/75"}],"wp:attachment":[{"href":"https:\/\/housedulce.com\/index.php\/wp-json\/wp\/v2\/media?parent=236"}],"curies":[{"name":"wp","href":"https:\/\/api.w.org\/{rel}","templated":true}]}}